{"id":286,"date":"2025-06-30T12:45:36","date_gmt":"2025-06-30T12:45:36","guid":{"rendered":"https:\/\/daruridelumina.ro\/?post_type=product&#038;p=286"},"modified":"2025-06-30T12:45:36","modified_gmt":"2025-06-30T12:45:36","slug":"%f0%9f%8c%bf-set-calm-interior","status":"publish","type":"product","link":"https:\/\/daruridelumina.ro\/?product=%f0%9f%8c%bf-set-calm-interior","title":{"rendered":"\ud83c\udf3f Set \u201cCalm Interior\u201d"},"content":{"rendered":"<h2 data-start=\"31\" data-end=\"58\">\ud83c\udf3f Set \u201cCalm Interior\u201d<\/h2>\n<p data-start=\"59\" data-end=\"122\"><strong data-start=\"59\" data-end=\"122\">Ritual pentru relaxare profund\u0103, echilibru \u0219i somn lini\u0219tit<\/strong><\/p>\n<p data-start=\"124\" data-end=\"461\"><strong data-start=\"124\" data-end=\"150\">Descriere pentru site:<\/strong><br data-start=\"150\" data-end=\"153\" \/>Setul \u201eCalm Interior\u201d este un dar pentru minte \u0219i suflet. Fie c\u0103 ai avut o zi agitat\u0103, c\u0103 vrei s\u0103 meditezi sau doar s\u0103 te reconectezi cu tine, acest set te \u00eenv\u0103luie \u00eentr-o stare de lini\u0219te profund\u0103. Aromele bl\u00e2nde \u0219i cristalele alese ajut\u0103 la calmarea sistemului nervos \u0219i la reconectarea cu ritmul interior.<\/p>\n<h3 data-start=\"468\" data-end=\"487\">\ud83d\udd4a\ufe0f Ce con\u021bine:<\/h3>\n<ul data-start=\"488\" data-end=\"854\">\n<li data-start=\"488\" data-end=\"549\">\n<p data-start=\"490\" data-end=\"549\">1 \u00d7 <strong data-start=\"494\" data-end=\"510\">Ametist brut<\/strong> \u2013 lini\u0219te interioar\u0103, somn odihnitor<\/p>\n<\/li>\n<li data-start=\"550\" data-end=\"612\">\n<p data-start=\"552\" data-end=\"612\">1 \u00d7 <strong data-start=\"556\" data-end=\"567\">Selenit<\/strong> \u2013 claritate mental\u0103 \u0219i cur\u0103\u021bare energetic\u0103<\/p>\n<\/li>\n<li data-start=\"613\" data-end=\"655\">\n<p data-start=\"615\" data-end=\"655\">1 \u00d7 <strong data-start=\"619\" data-end=\"653\">Be\u021bi\u0219oare parfumate \u201eLavender\u201d<\/strong><\/p>\n<\/li>\n<li data-start=\"656\" data-end=\"707\">\n<p data-start=\"658\" data-end=\"707\">1 \u00d7 <strong data-start=\"662\" data-end=\"705\">Ulei esen\u021bial de lavand\u0103 100% pur (5ml)<\/strong><\/p>\n<\/li>\n<li data-start=\"708\" data-end=\"768\">\n<p data-start=\"710\" data-end=\"768\">1 \u00d7 <strong data-start=\"714\" data-end=\"736\">Card de afirma\u021bie:<\/strong> \u201eSunt calm(\u0103), sunt \u00een pace.\u201d<\/p>\n<\/li>\n<li data-start=\"769\" data-end=\"854\">\n<p data-start=\"771\" data-end=\"854\">Cutie kraft cu fund\u0103 satinat\u0103 mov pal + etichet\u0103 \u201eDaruri de Lumin\u0103 \u2013 Calm Interior\u201d<\/p>\n<\/li>\n<\/ul>\n<hr data-start=\"856\" data-end=\"859\" \/>\n<h3 data-start=\"861\" data-end=\"877\">\u2728 Beneficii:<\/h3>\n<ul data-start=\"878\" data-end=\"1027\">\n<li data-start=\"878\" data-end=\"919\">\n<p data-start=\"880\" data-end=\"919\">Reduce stresul \u0219i agita\u021bia interioar\u0103<\/p>\n<\/li>\n<li data-start=\"920\" data-end=\"952\">\n<p data-start=\"922\" data-end=\"952\">Sprijin\u0103 somnul \u0219i medita\u021bia<\/p>\n<\/li>\n<li data-start=\"953\" data-end=\"1027\">\n<p data-start=\"955\" data-end=\"1027\">Ideal ca dar pentru cineva drag sau pentru ritualuri zilnice de relaxare<\/p>\n<\/li>\n<\/ul>\n","protected":false},"excerpt":{"rendered":"<h3 data-start=\"468\" data-end=\"487\">\ud83d\udd4a\ufe0f Ce con\u021bine:<\/h3>\n<ul data-start=\"488\" data-end=\"854\">\n<li data-start=\"488\" data-end=\"549\">\n<p data-start=\"490\" data-end=\"549\">1 \u00d7 <strong data-start=\"494\" data-end=\"510\">Ametist brut<\/strong> \u2013 lini\u0219te interioar\u0103, somn odihnitor<\/p>\n<\/li>\n<li data-start=\"550\" data-end=\"612\">\n<p data-start=\"552\" data-end=\"612\">1 \u00d7 <strong data-start=\"556\" data-end=\"567\">Selenit<\/strong> \u2013 claritate mental\u0103 \u0219i cur\u0103\u021bare energetic\u0103<\/p>\n<\/li>\n<li data-start=\"613\" data-end=\"655\">\n<p data-start=\"615\" data-end=\"655\">1 \u00d7 <strong data-start=\"619\" data-end=\"653\">Be\u021bi\u0219oare parfumate \u201eLavender\u201d<\/strong><\/p>\n<\/li>\n<li data-start=\"656\" data-end=\"707\">\n<p data-start=\"658\" data-end=\"707\">1 \u00d7 <strong data-start=\"662\" data-end=\"705\">Ulei esen\u021bial de lavand\u0103 100% pur (5ml)<\/strong><\/p>\n<\/li>\n<li data-start=\"708\" data-end=\"768\">\n<p data-start=\"710\" data-end=\"768\">1 \u00d7 <strong data-start=\"714\" data-end=\"736\">Card de afirma\u021bie:<\/strong> \u201eSunt calm(\u0103), sunt \u00een pace.\u201d<\/p>\n<\/li>\n<li data-start=\"769\" data-end=\"854\">\n<p data-start=\"771\" data-end=\"854\">Cutie kraft cu fund\u0103 satinat\u0103 mov pal + etichet\u0103 \u201eDaruri de Lumin\u0103 \u2013 Calm Interior\u201d<\/p>\n<\/li>\n<\/ul>\n<hr data-start=\"856\" data-end=\"859\" \/>\n<h3 data-start=\"861\" data-end=\"877\">\u2728 Beneficii:<\/h3>\n<ul data-start=\"878\" data-end=\"1027\">\n<li data-start=\"878\" data-end=\"919\">\n<p data-start=\"880\" data-end=\"919\">Reduce stresul \u0219i agita\u021bia interioar\u0103<\/p>\n<\/li>\n<li data-start=\"920\" data-end=\"952\">\n<p data-start=\"922\" data-end=\"952\">Sprijin\u0103 somnul \u0219i medita\u021bia<\/p>\n<\/li>\n<li data-start=\"953\" data-end=\"1027\">\n<p data-start=\"955\" data-end=\"1027\">Ideal ca dar pentru cineva drag sau pentru ritualuri zilnice de relaxare<\/p>\n<\/li>\n<\/ul>\n","protected":false},"featured_media":287,"comment_status":"open","ping_status":"closed","template":"","meta":{"site-sidebar-layout":"default","site-content-layout":"","ast-site-content-layout":"default","site-content-style":"default","site-sidebar-style":"default","ast-global-header-display":"","ast-banner-title-visibility":"","ast-main-header-display":"","ast-hfb-above-header-display":"","ast-hfb-below-header-display":"","ast-hfb-mobile-header-display":"","site-post-title":"","ast-breadcrumbs-content":"","ast-featured-img":"","footer-sml-layout":"","theme-transparent-header-meta":"","adv-header-id-meta":"","stick-header-meta":"","header-above-stick-meta":"","header-main-stick-meta":"","header-below-stick-meta":"","astra-migrate-meta-layouts":"default","ast-page-background-enabled":"default","ast-page-background-meta":{"desktop":{"background-color":"var(--ast-global-color-5)","background-image":"","background-repeat":"repeat","background-position":"center center","background-size":"auto","background-attachment":"scroll","background-type":"","background-media":"","overlay-type":"","overlay-color":"","overlay-opacity":"","overlay-gradient":""},"tablet":{"background-color":"","background-image":"","background-repeat":"repeat","background-position":"center center","background-size":"auto","background-attachment":"scroll","background-type":"","background-media":"","overlay-type":"","overlay-color":"","overlay-opacity":"","overlay-gradient":""},"mobile":{"background-color":"","background-image":"","background-repeat":"repeat","background-position":"center center","background-size":"auto","background-attachment":"scroll","background-type":"","background-media":"","overlay-type":"","overlay-color":"","overlay-opacity":"","overlay-gradient":""}},"ast-content-background-meta":{"desktop":{"background-color":"var(--ast-global-color-4)","background-image":"","background-repeat":"repeat","background-position":"center center","background-size":"auto","background-attachment":"scroll","background-type":"","background-media":"","overlay-type":"","overlay-color":"","overlay-opacity":"","overlay-gradient":""},"tablet":{"background-color":"var(--ast-global-color-4)","background-image":"","background-repeat":"repeat","background-position":"center center","background-size":"auto","background-attachment":"scroll","background-type":"","background-media":"","overlay-type":"","overlay-color":"","overlay-opacity":"","overlay-gradient":""},"mobile":{"background-color":"var(--ast-global-color-4)","background-image":"","background-repeat":"repeat","background-position":"center center","background-size":"auto","background-attachment":"scroll","background-type":"","background-media":"","overlay-type":"","overlay-color":"","overlay-opacity":"","overlay-gradient":""}}},"product_brand":[],"product_cat":[33,30,31,25,29],"product_tag":[],"class_list":{"0":"post-286","1":"product","2":"type-product","3":"status-publish","4":"has-post-thumbnail","6":"product_cat-cadouri-si-ocazii-speciale","7":"product_cat-cristale-si-pietre-naturale","8":"product_cat-curatare-energetica","9":"product_cat-seturi-energetice-ritualuri-de-lumina","10":"product_cat-seturi-spirituale","11":"desktop-align-left","12":"tablet-align-left","13":"mobile-align-left","15":"first","16":"instock","17":"sale","18":"shipping-taxable","19":"purchasable","20":"product-type-simple"},"yoast_head":"<!-- This site is optimized with the Yoast SEO plugin v25.4 - https:\/\/yoast.com\/wordpress\/plugins\/seo\/ -->\n<title>\ud83c\udf3f Set \u201cCalm Interior\u201d - Daruri de lumina<\/title>\n<meta name=\"robots\" content=\"index, follow, max-snippet:-1, max-image-preview:large, max-video-preview:-1\" \/>\n<link rel=\"canonical\" href=\"https:\/\/daruridelumina.ro\/?product=\ud83c\udf3f-set-calm-interior\" \/>\n<meta property=\"og:locale\" content=\"ro_RO\" \/>\n<meta property=\"og:type\" content=\"article\" \/>\n<meta property=\"og:title\" content=\"\ud83c\udf3f Set \u201cCalm Interior\u201d - Daruri de lumina\" \/>\n<meta property=\"og:description\" content=\"\ud83d\udd4a\ufe0f Ce con\u021bine:    1 \u00d7 Ametist brut \u2013 lini\u0219te interioar\u0103, somn odihnitor    1 \u00d7 Selenit \u2013 claritate mental\u0103 \u0219i cur\u0103\u021bare energetic\u0103    1 \u00d7 Be\u021bi\u0219oare parfumate \u201eLavender\u201d    1 \u00d7 Ulei esen\u021bial de lavand\u0103 100% pur (5ml)    1 \u00d7 Card de afirma\u021bie: \u201eSunt calm(\u0103), sunt \u00een pace.\u201d    Cutie kraft cu fund\u0103 satinat\u0103 mov pal + etichet\u0103 \u201eDaruri de Lumin\u0103 \u2013 Calm Interior\u201d      \u2728 Beneficii:    Reduce stresul \u0219i agita\u021bia interioar\u0103    Sprijin\u0103 somnul \u0219i medita\u021bia    Ideal ca dar pentru cineva drag sau pentru ritualuri zilnice de relaxare\" \/>\n<meta property=\"og:url\" content=\"https:\/\/daruridelumina.ro\/?product=\ud83c\udf3f-set-calm-interior\" \/>\n<meta property=\"og:site_name\" content=\"Daruri de lumina\" \/>\n<meta property=\"article:publisher\" content=\"https:\/\/www.facebook.com\/profile.php?id=61577160707023\" \/>\n<meta property=\"og:image\" content=\"https:\/\/daruridelumina.ro\/wp-content\/uploads\/2025\/06\/ChatGPT-Image-30-iun.-2025-15_42_35.png\" \/>\n\t<meta property=\"og:image:width\" content=\"1024\" \/>\n\t<meta property=\"og:image:height\" content=\"1024\" \/>\n\t<meta property=\"og:image:type\" content=\"image\/png\" \/>\n<meta name=\"twitter:card\" content=\"summary_large_image\" \/>\n<meta name=\"twitter:label1\" content=\"Timp estimat pentru citire\" \/>\n\t<meta name=\"twitter:data1\" content=\"1 minut\" \/>\n<script type=\"application\/ld+json\" class=\"yoast-schema-graph\">{\"@context\":\"https:\/\/schema.org\",\"@graph\":[{\"@type\":\"WebPage\",\"@id\":\"https:\/\/daruridelumina.ro\/?product=%f0%9f%8c%bf-set-calm-interior\",\"url\":\"https:\/\/daruridelumina.ro\/?product=%f0%9f%8c%bf-set-calm-interior\",\"name\":\"\ud83c\udf3f Set \u201cCalm Interior\u201d - Daruri de lumina\",\"isPartOf\":{\"@id\":\"https:\/\/daruridelumina.ro\/#website\"},\"primaryImageOfPage\":{\"@id\":\"https:\/\/daruridelumina.ro\/?product=%f0%9f%8c%bf-set-calm-interior#primaryimage\"},\"image\":{\"@id\":\"https:\/\/daruridelumina.ro\/?product=%f0%9f%8c%bf-set-calm-interior#primaryimage\"},\"thumbnailUrl\":\"https:\/\/daruridelumina.ro\/wp-content\/uploads\/2025\/06\/ChatGPT-Image-30-iun.-2025-15_42_35.png\",\"datePublished\":\"2025-06-30T12:45:36+00:00\",\"breadcrumb\":{\"@id\":\"https:\/\/daruridelumina.ro\/?product=%f0%9f%8c%bf-set-calm-interior#breadcrumb\"},\"inLanguage\":\"ro-RO\",\"potentialAction\":[{\"@type\":\"ReadAction\",\"target\":[\"https:\/\/daruridelumina.ro\/?product=%f0%9f%8c%bf-set-calm-interior\"]}]},{\"@type\":\"ImageObject\",\"inLanguage\":\"ro-RO\",\"@id\":\"https:\/\/daruridelumina.ro\/?product=%f0%9f%8c%bf-set-calm-interior#primaryimage\",\"url\":\"https:\/\/daruridelumina.ro\/wp-content\/uploads\/2025\/06\/ChatGPT-Image-30-iun.-2025-15_42_35.png\",\"contentUrl\":\"https:\/\/daruridelumina.ro\/wp-content\/uploads\/2025\/06\/ChatGPT-Image-30-iun.-2025-15_42_35.png\",\"width\":1024,\"height\":1024},{\"@type\":\"BreadcrumbList\",\"@id\":\"https:\/\/daruridelumina.ro\/?product=%f0%9f%8c%bf-set-calm-interior#breadcrumb\",\"itemListElement\":[{\"@type\":\"ListItem\",\"position\":1,\"name\":\"Prima pagin\u0103\",\"item\":\"https:\/\/daruridelumina.ro\/\"},{\"@type\":\"ListItem\",\"position\":2,\"name\":\"Magazin\",\"item\":\"https:\/\/daruridelumina.ro\/?page_id=5\"},{\"@type\":\"ListItem\",\"position\":3,\"name\":\"\ud83c\udf3f Set \u201cCalm Interior\u201d\"}]},{\"@type\":\"WebSite\",\"@id\":\"https:\/\/daruridelumina.ro\/#website\",\"url\":\"https:\/\/daruridelumina.ro\/\",\"name\":\"Daruri de lumina\",\"description\":\"\",\"publisher\":{\"@id\":\"https:\/\/daruridelumina.ro\/#organization\"},\"potentialAction\":[{\"@type\":\"SearchAction\",\"target\":{\"@type\":\"EntryPoint\",\"urlTemplate\":\"https:\/\/daruridelumina.ro\/?s={search_term_string}\"},\"query-input\":{\"@type\":\"PropertyValueSpecification\",\"valueRequired\":true,\"valueName\":\"search_term_string\"}}],\"inLanguage\":\"ro-RO\"},{\"@type\":\"Organization\",\"@id\":\"https:\/\/daruridelumina.ro\/#organization\",\"name\":\"Daruri de lumina\",\"url\":\"https:\/\/daruridelumina.ro\/\",\"logo\":{\"@type\":\"ImageObject\",\"inLanguage\":\"ro-RO\",\"@id\":\"https:\/\/daruridelumina.ro\/#\/schema\/logo\/image\/\",\"url\":\"https:\/\/daruridelumina.ro\/wp-content\/uploads\/2025\/06\/daruri_de_lumina_315x100.jpg\",\"contentUrl\":\"https:\/\/daruridelumina.ro\/wp-content\/uploads\/2025\/06\/daruri_de_lumina_315x100.jpg\",\"width\":315,\"height\":100,\"caption\":\"Daruri de lumina\"},\"image\":{\"@id\":\"https:\/\/daruridelumina.ro\/#\/schema\/logo\/image\/\"},\"sameAs\":[\"https:\/\/www.facebook.com\/profile.php?id=61577160707023\"]}]}<\/script>\n<!-- \/ Yoast SEO plugin. -->","yoast_head_json":{"title":"\ud83c\udf3f Set \u201cCalm Interior\u201d - Daruri de lumina","robots":{"index":"index","follow":"follow","max-snippet":"max-snippet:-1","max-image-preview":"max-image-preview:large","max-video-preview":"max-video-preview:-1"},"canonical":"https:\/\/daruridelumina.ro\/?product=\ud83c\udf3f-set-calm-interior","og_locale":"ro_RO","og_type":"article","og_title":"\ud83c\udf3f Set \u201cCalm Interior\u201d - Daruri de lumina","og_description":"\ud83d\udd4a\ufe0f Ce con\u021bine:    1 \u00d7 Ametist brut \u2013 lini\u0219te interioar\u0103, somn odihnitor    1 \u00d7 Selenit \u2013 claritate mental\u0103 \u0219i cur\u0103\u021bare energetic\u0103    1 \u00d7 Be\u021bi\u0219oare parfumate \u201eLavender\u201d    1 \u00d7 Ulei esen\u021bial de lavand\u0103 100% pur (5ml)    1 \u00d7 Card de afirma\u021bie: \u201eSunt calm(\u0103), sunt \u00een pace.\u201d    Cutie kraft cu fund\u0103 satinat\u0103 mov pal + etichet\u0103 \u201eDaruri de Lumin\u0103 \u2013 Calm Interior\u201d      \u2728 Beneficii:    Reduce stresul \u0219i agita\u021bia interioar\u0103    Sprijin\u0103 somnul \u0219i medita\u021bia    Ideal ca dar pentru cineva drag sau pentru ritualuri zilnice de relaxare","og_url":"https:\/\/daruridelumina.ro\/?product=\ud83c\udf3f-set-calm-interior","og_site_name":"Daruri de lumina","article_publisher":"https:\/\/www.facebook.com\/profile.php?id=61577160707023","og_image":[{"width":1024,"height":1024,"url":"https:\/\/daruridelumina.ro\/wp-content\/uploads\/2025\/06\/ChatGPT-Image-30-iun.-2025-15_42_35.png","type":"image\/png"}],"twitter_card":"summary_large_image","twitter_misc":{"Timp estimat pentru citire":"1 minut"},"schema":{"@context":"https:\/\/schema.org","@graph":[{"@type":"WebPage","@id":"https:\/\/daruridelumina.ro\/?product=%f0%9f%8c%bf-set-calm-interior","url":"https:\/\/daruridelumina.ro\/?product=%f0%9f%8c%bf-set-calm-interior","name":"\ud83c\udf3f Set \u201cCalm Interior\u201d - Daruri de lumina","isPartOf":{"@id":"https:\/\/daruridelumina.ro\/#website"},"primaryImageOfPage":{"@id":"https:\/\/daruridelumina.ro\/?product=%f0%9f%8c%bf-set-calm-interior#primaryimage"},"image":{"@id":"https:\/\/daruridelumina.ro\/?product=%f0%9f%8c%bf-set-calm-interior#primaryimage"},"thumbnailUrl":"https:\/\/daruridelumina.ro\/wp-content\/uploads\/2025\/06\/ChatGPT-Image-30-iun.-2025-15_42_35.png","datePublished":"2025-06-30T12:45:36+00:00","breadcrumb":{"@id":"https:\/\/daruridelumina.ro\/?product=%f0%9f%8c%bf-set-calm-interior#breadcrumb"},"inLanguage":"ro-RO","potentialAction":[{"@type":"ReadAction","target":["https:\/\/daruridelumina.ro\/?product=%f0%9f%8c%bf-set-calm-interior"]}]},{"@type":"ImageObject","inLanguage":"ro-RO","@id":"https:\/\/daruridelumina.ro\/?product=%f0%9f%8c%bf-set-calm-interior#primaryimage","url":"https:\/\/daruridelumina.ro\/wp-content\/uploads\/2025\/06\/ChatGPT-Image-30-iun.-2025-15_42_35.png","contentUrl":"https:\/\/daruridelumina.ro\/wp-content\/uploads\/2025\/06\/ChatGPT-Image-30-iun.-2025-15_42_35.png","width":1024,"height":1024},{"@type":"BreadcrumbList","@id":"https:\/\/daruridelumina.ro\/?product=%f0%9f%8c%bf-set-calm-interior#breadcrumb","itemListElement":[{"@type":"ListItem","position":1,"name":"Prima pagin\u0103","item":"https:\/\/daruridelumina.ro\/"},{"@type":"ListItem","position":2,"name":"Magazin","item":"https:\/\/daruridelumina.ro\/?page_id=5"},{"@type":"ListItem","position":3,"name":"\ud83c\udf3f Set \u201cCalm Interior\u201d"}]},{"@type":"WebSite","@id":"https:\/\/daruridelumina.ro\/#website","url":"https:\/\/daruridelumina.ro\/","name":"Daruri de lumina","description":"","publisher":{"@id":"https:\/\/daruridelumina.ro\/#organization"},"potentialAction":[{"@type":"SearchAction","target":{"@type":"EntryPoint","urlTemplate":"https:\/\/daruridelumina.ro\/?s={search_term_string}"},"query-input":{"@type":"PropertyValueSpecification","valueRequired":true,"valueName":"search_term_string"}}],"inLanguage":"ro-RO"},{"@type":"Organization","@id":"https:\/\/daruridelumina.ro\/#organization","name":"Daruri de lumina","url":"https:\/\/daruridelumina.ro\/","logo":{"@type":"ImageObject","inLanguage":"ro-RO","@id":"https:\/\/daruridelumina.ro\/#\/schema\/logo\/image\/","url":"https:\/\/daruridelumina.ro\/wp-content\/uploads\/2025\/06\/daruri_de_lumina_315x100.jpg","contentUrl":"https:\/\/daruridelumina.ro\/wp-content\/uploads\/2025\/06\/daruri_de_lumina_315x100.jpg","width":315,"height":100,"caption":"Daruri de lumina"},"image":{"@id":"https:\/\/daruridelumina.ro\/#\/schema\/logo\/image\/"},"sameAs":["https:\/\/www.facebook.com\/profile.php?id=61577160707023"]}]}},"_links":{"self":[{"href":"https:\/\/daruridelumina.ro\/index.php?rest_route=\/wp\/v2\/product\/286","targetHints":{"allow":["GET"]}}],"collection":[{"href":"https:\/\/daruridelumina.ro\/index.php?rest_route=\/wp\/v2\/product"}],"about":[{"href":"https:\/\/daruridelumina.ro\/index.php?rest_route=\/wp\/v2\/types\/product"}],"replies":[{"embeddable":true,"href":"https:\/\/daruridelumina.ro\/index.php?rest_route=%2Fwp%2Fv2%2Fcomments&post=286"}],"wp:featuredmedia":[{"embeddable":true,"href":"https:\/\/daruridelumina.ro\/index.php?rest_route=\/wp\/v2\/media\/287"}],"wp:attachment":[{"href":"https:\/\/daruridelumina.ro\/index.php?rest_route=%2Fwp%2Fv2%2Fmedia&parent=286"}],"wp:term":[{"taxonomy":"product_brand","embeddable":true,"href":"https:\/\/daruridelumina.ro\/index.php?rest_route=%2Fwp%2Fv2%2Fproduct_brand&post=286"},{"taxonomy":"product_cat","embeddable":true,"href":"https:\/\/daruridelumina.ro\/index.php?rest_route=%2Fwp%2Fv2%2Fproduct_cat&post=286"},{"taxonomy":"product_tag","embeddable":true,"href":"https:\/\/daruridelumina.ro\/index.php?rest_route=%2Fwp%2Fv2%2Fproduct_tag&post=286"}],"curies":[{"name":"wp","href":"https:\/\/api.w.org\/{rel}","templated":true}]}}