{"id":297,"date":"2025-06-30T12:50:29","date_gmt":"2025-06-30T12:50:29","guid":{"rendered":"https:\/\/daruridelumina.ro\/?post_type=product&#038;p=297"},"modified":"2025-06-30T12:51:57","modified_gmt":"2025-06-30T12:51:57","slug":"%f0%9f%8c%99-set-somn-linistit","status":"publish","type":"product","link":"https:\/\/daruridelumina.ro\/?product=%f0%9f%8c%99-set-somn-linistit","title":{"rendered":"\ud83c\udf19 Set \u201cSomn Lini\u0219tit\u201d"},"content":{"rendered":"<div class=\"flex basis-auto flex-col -mb-(--composer-overlap-px) [--composer-overlap-px:55px] grow overflow-hidden\">\n<div class=\"relative h-full\">\n<div class=\"flex h-full flex-col overflow-y-auto [scrollbar-gutter:stable_both-edges] @[84rem]\/thread:pt-(--header-height)\">\n<div class=\"@thread-xl\/thread:pt-header-height flex flex-col text-sm pb-25\">\n<article class=\"text-token-text-primary w-full\" dir=\"auto\" data-testid=\"conversation-turn-64\" data-scroll-anchor=\"false\">\n<div class=\"text-base my-auto mx-auto py-5 [--thread-content-margin:--spacing(4)] @[37rem]:[--thread-content-margin:--spacing(6)] @[72rem]:[--thread-content-margin:--spacing(16)] px-(--thread-content-margin)\">\n<div class=\"[--thread-content-max-width:32rem] @[34rem]:[--thread-content-max-width:40rem] @[64rem]:[--thread-content-max-width:48rem] mx-auto flex max-w-(--thread-content-max-width) flex-1 text-base gap-4 md:gap-5 lg:gap-6 group\/turn-messages focus-visible:outline-hidden\" tabindex=\"-1\">\n<div class=\"group\/conversation-turn relative flex w-full min-w-0 flex-col agent-turn\">\n<div class=\"relative flex-col gap-1 md:gap-3\">\n<div class=\"flex max-w-full flex-col grow\">\n<div class=\"min-h-8 text-message relative flex w-full flex-col items-end gap-2 text-start break-words whitespace-normal [.text-message+&amp;]:mt-5\" dir=\"auto\" data-message-author-role=\"assistant\" data-message-id=\"c0f1ca33-8d3e-40e3-a060-15ae76b830fd\" data-message-model-slug=\"gpt-4o\">\n<div class=\"flex w-full flex-col gap-1 empty:hidden first:pt-[3px]\">\n<div class=\"markdown prose dark:prose-invert w-full break-words light\">\n<h2 data-start=\"31\" data-end=\"58\">\ud83c\udf19 Set \u201cSomn Lini\u0219tit\u201d<\/h2>\n<p data-start=\"59\" data-end=\"126\"><strong data-start=\"59\" data-end=\"126\">Ritual pentru un somn profund, visare pl\u0103cut\u0103 \u0219i relaxare seara<\/strong><\/p>\n<p data-start=\"128\" data-end=\"453\"><strong data-start=\"128\" data-end=\"154\">Descriere pentru site:<\/strong><br data-start=\"154\" data-end=\"157\" \/>C\u00e2nd g\u00e2ndurile nu-\u021bi dau pace sau zilele sunt prea pline, acest set te ajut\u0103 s\u0103-\u021bi reg\u0103se\u0219ti lini\u0219tea \u0219i s\u0103 te odihne\u0219ti cu adev\u0103rat. \u201eSomn Lini\u0219tit\u201d este un ritual simplu de sear\u0103 care combin\u0103 aromaterapia bl\u00e2nd\u0103 cu energia calmant\u0103 a cristalelor \u0219i lumina vindec\u0103toare a unei lum\u00e2n\u0103ri naturale.<\/p>\n<hr data-start=\"455\" data-end=\"458\" \/>\n<h3 data-start=\"460\" data-end=\"478\">\ud83c\udf0c Ce con\u021bine:<\/h3>\n<ul data-start=\"479\" data-end=\"854\">\n<li data-start=\"479\" data-end=\"559\">\n<p data-start=\"481\" data-end=\"559\">1 \u00d7 <strong data-start=\"485\" data-end=\"505\">Ametist brut mic<\/strong> \u2013 cristalul viselor clare \u0219i al protec\u021biei nocturne<\/p>\n<\/li>\n<li data-start=\"560\" data-end=\"620\">\n<p data-start=\"562\" data-end=\"620\">1 \u00d7 <strong data-start=\"566\" data-end=\"618\">Spray de pern\u0103 cu lavand\u0103 (ulei esen\u021bial diluat)<\/strong><\/p>\n<\/li>\n<li data-start=\"621\" data-end=\"688\">\n<p data-start=\"623\" data-end=\"688\">1 \u00d7 <strong data-start=\"627\" data-end=\"686\">Lum\u00e2nare natural\u0103 cu plante calmante (mu\u0219e\u021bel, lavand\u0103)<\/strong><\/p>\n<\/li>\n<li data-start=\"689\" data-end=\"763\">\n<p data-start=\"691\" data-end=\"763\">1 \u00d7 <strong data-start=\"695\" data-end=\"717\">Card cu afirma\u021bie:<\/strong> \u201eAdorm lini\u0219tit(\u0103). M\u0103 trezesc odihnit(\u0103).\u201d<\/p>\n<\/li>\n<li data-start=\"764\" data-end=\"854\">\n<p data-start=\"766\" data-end=\"854\">Cutie kraft cu fund\u0103 bej sau mov deschis, etichet\u0103: <strong data-start=\"818\" data-end=\"854\">Daruri de Lumin\u0103 \u2013 Somn Lini\u0219tit<\/strong><\/p>\n<\/li>\n<\/ul>\n<hr data-start=\"856\" data-end=\"859\" \/>\n<h3 data-start=\"861\" data-end=\"877\">\u2728 Beneficii:<\/h3>\n<ul data-start=\"878\" data-end=\"1082\">\n<li data-start=\"878\" data-end=\"938\">\n<p data-start=\"880\" data-end=\"938\">Reduce stresul de sear\u0103 \u0219i preg\u0103te\u0219te corpul pentru somn<\/p>\n<\/li>\n<li data-start=\"939\" data-end=\"981\">\n<p data-start=\"941\" data-end=\"981\">Cur\u0103\u021b\u0103 energetic spa\u021biul \u00een care dormi<\/p>\n<\/li>\n<li data-start=\"982\" data-end=\"1082\">\n<p data-start=\"984\" data-end=\"1082\">Ideal pentru ritualuri de sear\u0103, medita\u021bie \u00eenainte de culcare sau oferit cadou unei persoane dragi<\/p>\n<\/li>\n<\/ul>\n<hr data-start=\"1084\" data-end=\"1087\" \/>\n<\/div>\n<\/div>\n<\/div>\n<\/div>\n<\/div>\n<\/div>\n<\/div>\n<\/div>\n<\/article>\n<\/div>\n<\/div>\n<\/div>\n<\/div>\n<div id=\"thread-bottom-container\" class=\"content-fade relative isolate z-10 w-full basis-auto has-data-has-thread-error:pt-2 has-data-has-thread-error:[box-shadow:var(--sharp-edge-bottom-shadow)] md:border-transparent md:pt-0 dark:border-white\/20 md:dark:border-transparent flex flex-col\">\n<div id=\"thread-bottom\">\n<div class=\"text-base mx-auto [--thread-content-margin:--spacing(4)] @[37rem]:[--thread-content-margin:--spacing(6)] @[72rem]:[--thread-content-margin:--spacing(16)] px-(--thread-content-margin)\">\n<div class=\"[--thread-content-max-width:32rem] @[34rem]:[--thread-content-max-width:40rem] @[64rem]:[--thread-content-max-width:48rem] mx-auto flex max-w-(--thread-content-max-width) flex-1 text-base gap-4 md:gap-5 lg:gap-6\">\n<div class=\"max-xs:[--force-hide-label:none] relative z-1 flex h-full max-w-full flex-1 flex-col\" role=\"button\" aria-haspopup=\"dialog\" aria-expanded=\"false\" aria-controls=\"radix-\u00abro\u00bb\" data-state=\"closed\">\n<form class=\"w-full [view-transition-name:var(--vt-composer)]\" role=\"region\" aria-label=\"Instrument de compunere a mesajelor\" data-type=\"unified-composer\">\n<div class=\"bg-token-bg-primary flex w-full cursor-text flex-col items-center justify-center overflow-clip bg-clip-padding contain-inline-size dark:bg-[#303030] shadow-short rounded-[28px]\">\n<div class=\"relative flex w-full items-end px-2.5 py-2.5\">\n<div class=\"relative flex w-full flex-auto flex-col\">\n<div class=\"relative mx-2.5 grid grid-cols-[auto_minmax(0,1fr)]\">\n<div class=\"relative flex-auto bg-transparent pt-1.5\">\n<div class=\"flex flex-col justify-start\">\n<div class=\"flex min-h-12 items-start\">\n<div class=\"max-w-full min-w-0 flex-1\">\n<div class=\"_prosemirror-parent_kfgfu_2 text-token-text-primary max-h-[25dvh] max-h-52 -mx-3 px-3 overflow-auto [scrollbar-width:thin] default-browser vertical-scroll-fade-mask min-h-12 pe-3\"><\/div>\n<\/div>\n<\/div>\n<\/div>\n<\/div>\n<\/div>\n<\/div>\n<\/div>\n<\/div>\n<\/form>\n<\/div>\n<\/div>\n<\/div>\n<\/div>\n<\/div>\n","protected":false},"excerpt":{"rendered":"<p>\ud83c\udf19 Set \u201cSomn Lini\u0219tit\u201d Ritual pentru un somn profund, visare pl\u0103cut\u0103 \u0219i relaxare seara Descriere pentru site:C\u00e2nd g\u00e2ndurile nu-\u021bi dau [&hellip;]<\/p>\n","protected":false},"featured_media":301,"comment_status":"open","ping_status":"closed","template":"","meta":{"site-sidebar-layout":"default","site-content-layout":"","ast-site-content-layout":"default","site-content-style":"default","site-sidebar-style":"default","ast-global-header-display":"","ast-banner-title-visibility":"","ast-main-header-display":"","ast-hfb-above-header-display":"","ast-hfb-below-header-display":"","ast-hfb-mobile-header-display":"","site-post-title":"","ast-breadcrumbs-content":"","ast-featured-img":"","footer-sml-layout":"","theme-transparent-header-meta":"default","adv-header-id-meta":"","stick-header-meta":"","header-above-stick-meta":"","header-main-stick-meta":"","header-below-stick-meta":"","astra-migrate-meta-layouts":"set","ast-page-background-enabled":"default","ast-page-background-meta":{"desktop":{"background-color":"var(--ast-global-color-5)","background-image":"","background-repeat":"repeat","background-position":"center center","background-size":"auto","background-attachment":"scroll","background-type":"","background-media":"","overlay-type":"","overlay-color":"","overlay-opacity":"","overlay-gradient":""},"tablet":{"background-color":"","background-image":"","background-repeat":"repeat","background-position":"center center","background-size":"auto","background-attachment":"scroll","background-type":"","background-media":"","overlay-type":"","overlay-color":"","overlay-opacity":"","overlay-gradient":""},"mobile":{"background-color":"","background-image":"","background-repeat":"repeat","background-position":"center center","background-size":"auto","background-attachment":"scroll","background-type":"","background-media":"","overlay-type":"","overlay-color":"","overlay-opacity":"","overlay-gradient":""}},"ast-content-background-meta":{"desktop":{"background-color":"var(--ast-global-color-4)","background-image":"","background-repeat":"repeat","background-position":"center center","background-size":"auto","background-attachment":"scroll","background-type":"","background-media":"","overlay-type":"","overlay-color":"","overlay-opacity":"","overlay-gradient":""},"tablet":{"background-color":"var(--ast-global-color-4)","background-image":"","background-repeat":"repeat","background-position":"center center","background-size":"auto","background-attachment":"scroll","background-type":"","background-media":"","overlay-type":"","overlay-color":"","overlay-opacity":"","overlay-gradient":""},"mobile":{"background-color":"var(--ast-global-color-4)","background-image":"","background-repeat":"repeat","background-position":"center center","background-size":"auto","background-attachment":"scroll","background-type":"","background-media":"","overlay-type":"","overlay-color":"","overlay-opacity":"","overlay-gradient":""}}},"product_brand":[],"product_cat":[28,30,31,25,29],"product_tag":[],"class_list":{"0":"post-297","1":"product","2":"type-product","3":"status-publish","4":"has-post-thumbnail","6":"product_cat-aromaterapie","7":"product_cat-cristale-si-pietre-naturale","8":"product_cat-curatare-energetica","9":"product_cat-seturi-energetice-ritualuri-de-lumina","10":"product_cat-seturi-spirituale","11":"desktop-align-left","12":"tablet-align-left","13":"mobile-align-left","15":"first","16":"instock","17":"sale","18":"shipping-taxable","19":"purchasable","20":"product-type-simple"},"yoast_head":"<!-- This site is optimized with the Yoast SEO plugin v25.4 - https:\/\/yoast.com\/wordpress\/plugins\/seo\/ -->\n<title>\ud83c\udf19 Set \u201cSomn Lini\u0219tit\u201d - Daruri de lumina<\/title>\n<meta name=\"robots\" content=\"index, follow, max-snippet:-1, max-image-preview:large, max-video-preview:-1\" \/>\n<link rel=\"canonical\" href=\"https:\/\/daruridelumina.ro\/?product=\ud83c\udf19-set-somn-linistit\" \/>\n<meta property=\"og:locale\" content=\"ro_RO\" \/>\n<meta property=\"og:type\" content=\"article\" \/>\n<meta property=\"og:title\" content=\"\ud83c\udf19 Set \u201cSomn Lini\u0219tit\u201d - Daruri de lumina\" \/>\n<meta property=\"og:description\" content=\"\ud83c\udf19 Set \u201cSomn Lini\u0219tit\u201d Ritual pentru un somn profund, visare pl\u0103cut\u0103 \u0219i relaxare seara Descriere pentru site:C\u00e2nd g\u00e2ndurile nu-\u021bi dau [&hellip;]\" \/>\n<meta property=\"og:url\" content=\"https:\/\/daruridelumina.ro\/?product=\ud83c\udf19-set-somn-linistit\" \/>\n<meta property=\"og:site_name\" content=\"Daruri de lumina\" \/>\n<meta property=\"article:publisher\" content=\"https:\/\/www.facebook.com\/profile.php?id=61577160707023\" \/>\n<meta property=\"article:modified_time\" content=\"2025-06-30T12:51:57+00:00\" \/>\n<meta property=\"og:image\" content=\"https:\/\/daruridelumina.ro\/wp-content\/uploads\/2025\/06\/ChatGPT-Image-30-iun.-2025-15_49_13.png\" \/>\n\t<meta property=\"og:image:width\" content=\"1024\" \/>\n\t<meta property=\"og:image:height\" content=\"1024\" \/>\n\t<meta property=\"og:image:type\" content=\"image\/png\" \/>\n<meta name=\"twitter:card\" content=\"summary_large_image\" \/>\n<meta name=\"twitter:label1\" content=\"Timp estimat pentru citire\" \/>\n\t<meta name=\"twitter:data1\" content=\"2 minute\" \/>\n<script type=\"application\/ld+json\" class=\"yoast-schema-graph\">{\"@context\":\"https:\/\/schema.org\",\"@graph\":[{\"@type\":\"WebPage\",\"@id\":\"https:\/\/daruridelumina.ro\/?product=%f0%9f%8c%99-set-somn-linistit\",\"url\":\"https:\/\/daruridelumina.ro\/?product=%f0%9f%8c%99-set-somn-linistit\",\"name\":\"\ud83c\udf19 Set \u201cSomn Lini\u0219tit\u201d - Daruri de lumina\",\"isPartOf\":{\"@id\":\"https:\/\/daruridelumina.ro\/#website\"},\"primaryImageOfPage\":{\"@id\":\"https:\/\/daruridelumina.ro\/?product=%f0%9f%8c%99-set-somn-linistit#primaryimage\"},\"image\":{\"@id\":\"https:\/\/daruridelumina.ro\/?product=%f0%9f%8c%99-set-somn-linistit#primaryimage\"},\"thumbnailUrl\":\"https:\/\/daruridelumina.ro\/wp-content\/uploads\/2025\/06\/ChatGPT-Image-30-iun.-2025-15_49_13.png\",\"datePublished\":\"2025-06-30T12:50:29+00:00\",\"dateModified\":\"2025-06-30T12:51:57+00:00\",\"breadcrumb\":{\"@id\":\"https:\/\/daruridelumina.ro\/?product=%f0%9f%8c%99-set-somn-linistit#breadcrumb\"},\"inLanguage\":\"ro-RO\",\"potentialAction\":[{\"@type\":\"ReadAction\",\"target\":[\"https:\/\/daruridelumina.ro\/?product=%f0%9f%8c%99-set-somn-linistit\"]}]},{\"@type\":\"ImageObject\",\"inLanguage\":\"ro-RO\",\"@id\":\"https:\/\/daruridelumina.ro\/?product=%f0%9f%8c%99-set-somn-linistit#primaryimage\",\"url\":\"https:\/\/daruridelumina.ro\/wp-content\/uploads\/2025\/06\/ChatGPT-Image-30-iun.-2025-15_49_13.png\",\"contentUrl\":\"https:\/\/daruridelumina.ro\/wp-content\/uploads\/2025\/06\/ChatGPT-Image-30-iun.-2025-15_49_13.png\",\"width\":1024,\"height\":1024},{\"@type\":\"BreadcrumbList\",\"@id\":\"https:\/\/daruridelumina.ro\/?product=%f0%9f%8c%99-set-somn-linistit#breadcrumb\",\"itemListElement\":[{\"@type\":\"ListItem\",\"position\":1,\"name\":\"Prima pagin\u0103\",\"item\":\"https:\/\/daruridelumina.ro\/\"},{\"@type\":\"ListItem\",\"position\":2,\"name\":\"Magazin\",\"item\":\"https:\/\/daruridelumina.ro\/?page_id=5\"},{\"@type\":\"ListItem\",\"position\":3,\"name\":\"\ud83c\udf19 Set \u201cSomn Lini\u0219tit\u201d\"}]},{\"@type\":\"WebSite\",\"@id\":\"https:\/\/daruridelumina.ro\/#website\",\"url\":\"https:\/\/daruridelumina.ro\/\",\"name\":\"Daruri de lumina\",\"description\":\"\",\"publisher\":{\"@id\":\"https:\/\/daruridelumina.ro\/#organization\"},\"potentialAction\":[{\"@type\":\"SearchAction\",\"target\":{\"@type\":\"EntryPoint\",\"urlTemplate\":\"https:\/\/daruridelumina.ro\/?s={search_term_string}\"},\"query-input\":{\"@type\":\"PropertyValueSpecification\",\"valueRequired\":true,\"valueName\":\"search_term_string\"}}],\"inLanguage\":\"ro-RO\"},{\"@type\":\"Organization\",\"@id\":\"https:\/\/daruridelumina.ro\/#organization\",\"name\":\"Daruri de lumina\",\"url\":\"https:\/\/daruridelumina.ro\/\",\"logo\":{\"@type\":\"ImageObject\",\"inLanguage\":\"ro-RO\",\"@id\":\"https:\/\/daruridelumina.ro\/#\/schema\/logo\/image\/\",\"url\":\"https:\/\/daruridelumina.ro\/wp-content\/uploads\/2025\/06\/daruri_de_lumina_315x100.jpg\",\"contentUrl\":\"https:\/\/daruridelumina.ro\/wp-content\/uploads\/2025\/06\/daruri_de_lumina_315x100.jpg\",\"width\":315,\"height\":100,\"caption\":\"Daruri de lumina\"},\"image\":{\"@id\":\"https:\/\/daruridelumina.ro\/#\/schema\/logo\/image\/\"},\"sameAs\":[\"https:\/\/www.facebook.com\/profile.php?id=61577160707023\"]}]}<\/script>\n<!-- \/ Yoast SEO plugin. -->","yoast_head_json":{"title":"\ud83c\udf19 Set \u201cSomn Lini\u0219tit\u201d - Daruri de lumina","robots":{"index":"index","follow":"follow","max-snippet":"max-snippet:-1","max-image-preview":"max-image-preview:large","max-video-preview":"max-video-preview:-1"},"canonical":"https:\/\/daruridelumina.ro\/?product=\ud83c\udf19-set-somn-linistit","og_locale":"ro_RO","og_type":"article","og_title":"\ud83c\udf19 Set \u201cSomn Lini\u0219tit\u201d - Daruri de lumina","og_description":"\ud83c\udf19 Set \u201cSomn Lini\u0219tit\u201d Ritual pentru un somn profund, visare pl\u0103cut\u0103 \u0219i relaxare seara Descriere pentru site:C\u00e2nd g\u00e2ndurile nu-\u021bi dau [&hellip;]","og_url":"https:\/\/daruridelumina.ro\/?product=\ud83c\udf19-set-somn-linistit","og_site_name":"Daruri de lumina","article_publisher":"https:\/\/www.facebook.com\/profile.php?id=61577160707023","article_modified_time":"2025-06-30T12:51:57+00:00","og_image":[{"width":1024,"height":1024,"url":"https:\/\/daruridelumina.ro\/wp-content\/uploads\/2025\/06\/ChatGPT-Image-30-iun.-2025-15_49_13.png","type":"image\/png"}],"twitter_card":"summary_large_image","twitter_misc":{"Timp estimat pentru citire":"2 minute"},"schema":{"@context":"https:\/\/schema.org","@graph":[{"@type":"WebPage","@id":"https:\/\/daruridelumina.ro\/?product=%f0%9f%8c%99-set-somn-linistit","url":"https:\/\/daruridelumina.ro\/?product=%f0%9f%8c%99-set-somn-linistit","name":"\ud83c\udf19 Set \u201cSomn Lini\u0219tit\u201d - Daruri de lumina","isPartOf":{"@id":"https:\/\/daruridelumina.ro\/#website"},"primaryImageOfPage":{"@id":"https:\/\/daruridelumina.ro\/?product=%f0%9f%8c%99-set-somn-linistit#primaryimage"},"image":{"@id":"https:\/\/daruridelumina.ro\/?product=%f0%9f%8c%99-set-somn-linistit#primaryimage"},"thumbnailUrl":"https:\/\/daruridelumina.ro\/wp-content\/uploads\/2025\/06\/ChatGPT-Image-30-iun.-2025-15_49_13.png","datePublished":"2025-06-30T12:50:29+00:00","dateModified":"2025-06-30T12:51:57+00:00","breadcrumb":{"@id":"https:\/\/daruridelumina.ro\/?product=%f0%9f%8c%99-set-somn-linistit#breadcrumb"},"inLanguage":"ro-RO","potentialAction":[{"@type":"ReadAction","target":["https:\/\/daruridelumina.ro\/?product=%f0%9f%8c%99-set-somn-linistit"]}]},{"@type":"ImageObject","inLanguage":"ro-RO","@id":"https:\/\/daruridelumina.ro\/?product=%f0%9f%8c%99-set-somn-linistit#primaryimage","url":"https:\/\/daruridelumina.ro\/wp-content\/uploads\/2025\/06\/ChatGPT-Image-30-iun.-2025-15_49_13.png","contentUrl":"https:\/\/daruridelumina.ro\/wp-content\/uploads\/2025\/06\/ChatGPT-Image-30-iun.-2025-15_49_13.png","width":1024,"height":1024},{"@type":"BreadcrumbList","@id":"https:\/\/daruridelumina.ro\/?product=%f0%9f%8c%99-set-somn-linistit#breadcrumb","itemListElement":[{"@type":"ListItem","position":1,"name":"Prima pagin\u0103","item":"https:\/\/daruridelumina.ro\/"},{"@type":"ListItem","position":2,"name":"Magazin","item":"https:\/\/daruridelumina.ro\/?page_id=5"},{"@type":"ListItem","position":3,"name":"\ud83c\udf19 Set \u201cSomn Lini\u0219tit\u201d"}]},{"@type":"WebSite","@id":"https:\/\/daruridelumina.ro\/#website","url":"https:\/\/daruridelumina.ro\/","name":"Daruri de lumina","description":"","publisher":{"@id":"https:\/\/daruridelumina.ro\/#organization"},"potentialAction":[{"@type":"SearchAction","target":{"@type":"EntryPoint","urlTemplate":"https:\/\/daruridelumina.ro\/?s={search_term_string}"},"query-input":{"@type":"PropertyValueSpecification","valueRequired":true,"valueName":"search_term_string"}}],"inLanguage":"ro-RO"},{"@type":"Organization","@id":"https:\/\/daruridelumina.ro\/#organization","name":"Daruri de lumina","url":"https:\/\/daruridelumina.ro\/","logo":{"@type":"ImageObject","inLanguage":"ro-RO","@id":"https:\/\/daruridelumina.ro\/#\/schema\/logo\/image\/","url":"https:\/\/daruridelumina.ro\/wp-content\/uploads\/2025\/06\/daruri_de_lumina_315x100.jpg","contentUrl":"https:\/\/daruridelumina.ro\/wp-content\/uploads\/2025\/06\/daruri_de_lumina_315x100.jpg","width":315,"height":100,"caption":"Daruri de lumina"},"image":{"@id":"https:\/\/daruridelumina.ro\/#\/schema\/logo\/image\/"},"sameAs":["https:\/\/www.facebook.com\/profile.php?id=61577160707023"]}]}},"_links":{"self":[{"href":"https:\/\/daruridelumina.ro\/index.php?rest_route=\/wp\/v2\/product\/297","targetHints":{"allow":["GET"]}}],"collection":[{"href":"https:\/\/daruridelumina.ro\/index.php?rest_route=\/wp\/v2\/product"}],"about":[{"href":"https:\/\/daruridelumina.ro\/index.php?rest_route=\/wp\/v2\/types\/product"}],"replies":[{"embeddable":true,"href":"https:\/\/daruridelumina.ro\/index.php?rest_route=%2Fwp%2Fv2%2Fcomments&post=297"}],"wp:featuredmedia":[{"embeddable":true,"href":"https:\/\/daruridelumina.ro\/index.php?rest_route=\/wp\/v2\/media\/301"}],"wp:attachment":[{"href":"https:\/\/daruridelumina.ro\/index.php?rest_route=%2Fwp%2Fv2%2Fmedia&parent=297"}],"wp:term":[{"taxonomy":"product_brand","embeddable":true,"href":"https:\/\/daruridelumina.ro\/index.php?rest_route=%2Fwp%2Fv2%2Fproduct_brand&post=297"},{"taxonomy":"product_cat","embeddable":true,"href":"https:\/\/daruridelumina.ro\/index.php?rest_route=%2Fwp%2Fv2%2Fproduct_cat&post=297"},{"taxonomy":"product_tag","embeddable":true,"href":"https:\/\/daruridelumina.ro\/index.php?rest_route=%2Fwp%2Fv2%2Fproduct_tag&post=297"}],"curies":[{"name":"wp","href":"https:\/\/api.w.org\/{rel}","templated":true}]}}