{"id":330,"date":"2025-07-01T09:41:40","date_gmt":"2025-07-01T09:41:40","guid":{"rendered":"https:\/\/daruridelumina.ro\/?post_type=product&#038;p=330"},"modified":"2025-07-01T09:41:40","modified_gmt":"2025-07-01T09:41:40","slug":"%f0%9f%8c%bf-armonia-elementelor-bratara-pentru-echilibru-claritate-si-curaj-interior","status":"publish","type":"product","link":"https:\/\/daruridelumina.ro\/?product=%f0%9f%8c%bf-armonia-elementelor-bratara-pentru-echilibru-claritate-si-curaj-interior","title":{"rendered":"\ud83c\udf3f \u201eArmonia Elementelor\u201d Br\u0103\u021bar\u0103 pentru echilibru, claritate \u0219i curaj interior"},"content":{"rendered":"<h3 data-start=\"111\" data-end=\"145\">\ud83c\udf3f <strong data-start=\"118\" data-end=\"143\">\u201eArmonia Elementelor\u201d<\/strong><\/h3>\n<p data-start=\"146\" data-end=\"203\"><strong data-start=\"146\" data-end=\"203\">Br\u0103\u021bar\u0103 pentru echilibru, claritate \u0219i curaj interior<\/strong><\/p>\n<p data-start=\"205\" data-end=\"548\">Purt\u00e2nd culorile p\u0103m\u00e2ntului, cerului \u0219i focului, aceast\u0103 br\u0103\u021bar\u0103 este o chemare la echilibru \u0219i \u00eencredere. Realizat\u0103 din Turcoaz \u2013 piatra protec\u021biei, Ochi de Tigru \u2013 piatra curajului, Jad \u2013 piatra norocului \u0219i Jasp African \u2013 piatra stabilit\u0103\u021bii, \u201eArmonia Elementelor\u201d te ajut\u0103 s\u0103 r\u0103m\u00e2i centrat(\u0103), ancorat(\u0103) \u0219i deschis(\u0103) c\u0103tre binele suprem.<\/p>\n<p data-start=\"550\" data-end=\"798\">\ud83d\udd39 <em data-start=\"553\" data-end=\"562\">Turcoaz<\/em>: alung\u0103 energiile negative, atrage protec\u021bie<br data-start=\"607\" data-end=\"610\" \/>\ud83d\udd38 <em data-start=\"613\" data-end=\"628\">Ochi de Tigru<\/em>: stimuleaz\u0103 voin\u021ba \u0219i \u00eencrederea \u00een sine<br data-start=\"669\" data-end=\"672\" \/>\ud83d\udd39 <em data-start=\"675\" data-end=\"690\">Jad\/aventurin<\/em>: aduce calm interior \u0219i prosperitate<br data-start=\"727\" data-end=\"730\" \/>\ud83d\udd38 <em data-start=\"733\" data-end=\"747\" data-is-only-node=\"\">Jasp african<\/em>: ofer\u0103 stabilitate emo\u021bional\u0103 \u0219i claritate mental\u0103<\/p>\n<p data-start=\"800\" data-end=\"907\">O bijuterie mistic\u0103, dar \u0219i o unealt\u0103 energetic\u0103, pentru cei care caut\u0103 mai mult dec\u00e2t un simplu accesoriu.<\/p>\n","protected":false},"excerpt":{"rendered":"<p>\ud83c\udf3f \u201eArmonia Elementelor\u201d Br\u0103\u021bar\u0103 pentru echilibru, claritate \u0219i curaj interior Purt\u00e2nd culorile p\u0103m\u00e2ntului, cerului \u0219i focului, aceast\u0103 br\u0103\u021bar\u0103 este o [&hellip;]<\/p>\n","protected":false},"featured_media":335,"comment_status":"open","ping_status":"closed","template":"","meta":{"site-sidebar-layout":"default","site-content-layout":"","ast-site-content-layout":"default","site-content-style":"default","site-sidebar-style":"default","ast-global-header-display":"","ast-banner-title-visibility":"","ast-main-header-display":"","ast-hfb-above-header-display":"","ast-hfb-below-header-display":"","ast-hfb-mobile-header-display":"","site-post-title":"","ast-breadcrumbs-content":"","ast-featured-img":"","footer-sml-layout":"","theme-transparent-header-meta":"default","adv-header-id-meta":"","stick-header-meta":"","header-above-stick-meta":"","header-main-stick-meta":"","header-below-stick-meta":"","astra-migrate-meta-layouts":"set","ast-page-background-enabled":"default","ast-page-background-meta":{"desktop":{"background-color":"var(--ast-global-color-5)","background-image":"","background-repeat":"repeat","background-position":"center center","background-size":"auto","background-attachment":"scroll","background-type":"","background-media":"","overlay-type":"","overlay-color":"","overlay-opacity":"","overlay-gradient":""},"tablet":{"background-color":"","background-image":"","background-repeat":"repeat","background-position":"center center","background-size":"auto","background-attachment":"scroll","background-type":"","background-media":"","overlay-type":"","overlay-color":"","overlay-opacity":"","overlay-gradient":""},"mobile":{"background-color":"","background-image":"","background-repeat":"repeat","background-position":"center center","background-size":"auto","background-attachment":"scroll","background-type":"","background-media":"","overlay-type":"","overlay-color":"","overlay-opacity":"","overlay-gradient":""}},"ast-content-background-meta":{"desktop":{"background-color":"var(--ast-global-color-4)","background-image":"","background-repeat":"repeat","background-position":"center center","background-size":"auto","background-attachment":"scroll","background-type":"","background-media":"","overlay-type":"","overlay-color":"","overlay-opacity":"","overlay-gradient":""},"tablet":{"background-color":"var(--ast-global-color-4)","background-image":"","background-repeat":"repeat","background-position":"center center","background-size":"auto","background-attachment":"scroll","background-type":"","background-media":"","overlay-type":"","overlay-color":"","overlay-opacity":"","overlay-gradient":""},"mobile":{"background-color":"var(--ast-global-color-4)","background-image":"","background-repeat":"repeat","background-position":"center center","background-size":"auto","background-attachment":"scroll","background-type":"","background-media":"","overlay-type":"","overlay-color":"","overlay-opacity":"","overlay-gradient":""}}},"product_brand":[],"product_cat":[33,26,30,31,27,25,29],"product_tag":[],"class_list":{"0":"post-330","1":"product","2":"type-product","3":"status-publish","4":"has-post-thumbnail","6":"product_cat-cadouri-si-ocazii-speciale","7":"product_cat-cele-7-chakre","8":"product_cat-cristale-si-pietre-naturale","9":"product_cat-curatare-energetica","10":"product_cat-pietre-naturale","11":"product_cat-seturi-energetice-ritualuri-de-lumina","12":"product_cat-seturi-spirituale","13":"desktop-align-left","14":"tablet-align-left","15":"mobile-align-left","17":"first","18":"instock","19":"sale","20":"shipping-taxable","21":"purchasable","22":"product-type-simple"},"yoast_head":"<!-- This site is optimized with the Yoast SEO plugin v25.4 - https:\/\/yoast.com\/wordpress\/plugins\/seo\/ -->\n<title>\ud83c\udf3f \u201eArmonia Elementelor\u201d Br\u0103\u021bar\u0103 pentru echilibru, claritate \u0219i curaj interior - Daruri de lumina<\/title>\n<meta name=\"robots\" content=\"index, follow, max-snippet:-1, max-image-preview:large, max-video-preview:-1\" \/>\n<link rel=\"canonical\" href=\"https:\/\/daruridelumina.ro\/?product=\ud83c\udf3f-armonia-elementelor-bratara-pentru-echilibru-claritate-si-curaj-interior\" \/>\n<meta property=\"og:locale\" content=\"ro_RO\" \/>\n<meta property=\"og:type\" content=\"article\" \/>\n<meta property=\"og:title\" content=\"\ud83c\udf3f \u201eArmonia Elementelor\u201d Br\u0103\u021bar\u0103 pentru echilibru, claritate \u0219i curaj interior - Daruri de lumina\" \/>\n<meta property=\"og:description\" content=\"\ud83c\udf3f \u201eArmonia Elementelor\u201d Br\u0103\u021bar\u0103 pentru echilibru, claritate \u0219i curaj interior Purt\u00e2nd culorile p\u0103m\u00e2ntului, cerului \u0219i focului, aceast\u0103 br\u0103\u021bar\u0103 este o [&hellip;]\" \/>\n<meta property=\"og:url\" content=\"https:\/\/daruridelumina.ro\/?product=\ud83c\udf3f-armonia-elementelor-bratara-pentru-echilibru-claritate-si-curaj-interior\" \/>\n<meta property=\"og:site_name\" content=\"Daruri de lumina\" \/>\n<meta property=\"article:publisher\" content=\"https:\/\/www.facebook.com\/profile.php?id=61577160707023\" \/>\n<meta property=\"og:image\" content=\"https:\/\/daruridelumina.ro\/wp-content\/uploads\/2025\/07\/a111a984-fbd0-4abf-876b-a4a6ce25910d-1.webp\" \/>\n\t<meta property=\"og:image:width\" content=\"800\" \/>\n\t<meta property=\"og:image:height\" content=\"800\" \/>\n\t<meta property=\"og:image:type\" content=\"image\/webp\" \/>\n<meta name=\"twitter:card\" content=\"summary_large_image\" \/>\n<meta name=\"twitter:label1\" content=\"Timp estimat pentru citire\" \/>\n\t<meta name=\"twitter:data1\" content=\"1 minut\" \/>\n<script type=\"application\/ld+json\" class=\"yoast-schema-graph\">{\"@context\":\"https:\/\/schema.org\",\"@graph\":[{\"@type\":\"WebPage\",\"@id\":\"https:\/\/daruridelumina.ro\/?product=%f0%9f%8c%bf-armonia-elementelor-bratara-pentru-echilibru-claritate-si-curaj-interior\",\"url\":\"https:\/\/daruridelumina.ro\/?product=%f0%9f%8c%bf-armonia-elementelor-bratara-pentru-echilibru-claritate-si-curaj-interior\",\"name\":\"\ud83c\udf3f \u201eArmonia Elementelor\u201d Br\u0103\u021bar\u0103 pentru echilibru, claritate \u0219i curaj interior - Daruri de lumina\",\"isPartOf\":{\"@id\":\"https:\/\/daruridelumina.ro\/#website\"},\"primaryImageOfPage\":{\"@id\":\"https:\/\/daruridelumina.ro\/?product=%f0%9f%8c%bf-armonia-elementelor-bratara-pentru-echilibru-claritate-si-curaj-interior#primaryimage\"},\"image\":{\"@id\":\"https:\/\/daruridelumina.ro\/?product=%f0%9f%8c%bf-armonia-elementelor-bratara-pentru-echilibru-claritate-si-curaj-interior#primaryimage\"},\"thumbnailUrl\":\"https:\/\/daruridelumina.ro\/wp-content\/uploads\/2025\/07\/a111a984-fbd0-4abf-876b-a4a6ce25910d-1.webp\",\"datePublished\":\"2025-07-01T09:41:40+00:00\",\"breadcrumb\":{\"@id\":\"https:\/\/daruridelumina.ro\/?product=%f0%9f%8c%bf-armonia-elementelor-bratara-pentru-echilibru-claritate-si-curaj-interior#breadcrumb\"},\"inLanguage\":\"ro-RO\",\"potentialAction\":[{\"@type\":\"ReadAction\",\"target\":[\"https:\/\/daruridelumina.ro\/?product=%f0%9f%8c%bf-armonia-elementelor-bratara-pentru-echilibru-claritate-si-curaj-interior\"]}]},{\"@type\":\"ImageObject\",\"inLanguage\":\"ro-RO\",\"@id\":\"https:\/\/daruridelumina.ro\/?product=%f0%9f%8c%bf-armonia-elementelor-bratara-pentru-echilibru-claritate-si-curaj-interior#primaryimage\",\"url\":\"https:\/\/daruridelumina.ro\/wp-content\/uploads\/2025\/07\/a111a984-fbd0-4abf-876b-a4a6ce25910d-1.webp\",\"contentUrl\":\"https:\/\/daruridelumina.ro\/wp-content\/uploads\/2025\/07\/a111a984-fbd0-4abf-876b-a4a6ce25910d-1.webp\",\"width\":800,\"height\":800},{\"@type\":\"BreadcrumbList\",\"@id\":\"https:\/\/daruridelumina.ro\/?product=%f0%9f%8c%bf-armonia-elementelor-bratara-pentru-echilibru-claritate-si-curaj-interior#breadcrumb\",\"itemListElement\":[{\"@type\":\"ListItem\",\"position\":1,\"name\":\"Prima pagin\u0103\",\"item\":\"https:\/\/daruridelumina.ro\/\"},{\"@type\":\"ListItem\",\"position\":2,\"name\":\"Magazin\",\"item\":\"https:\/\/daruridelumina.ro\/?page_id=5\"},{\"@type\":\"ListItem\",\"position\":3,\"name\":\"\ud83c\udf3f \u201eArmonia Elementelor\u201d Br\u0103\u021bar\u0103 pentru echilibru, claritate \u0219i curaj interior\"}]},{\"@type\":\"WebSite\",\"@id\":\"https:\/\/daruridelumina.ro\/#website\",\"url\":\"https:\/\/daruridelumina.ro\/\",\"name\":\"Daruri de lumina\",\"description\":\"\",\"publisher\":{\"@id\":\"https:\/\/daruridelumina.ro\/#organization\"},\"potentialAction\":[{\"@type\":\"SearchAction\",\"target\":{\"@type\":\"EntryPoint\",\"urlTemplate\":\"https:\/\/daruridelumina.ro\/?s={search_term_string}\"},\"query-input\":{\"@type\":\"PropertyValueSpecification\",\"valueRequired\":true,\"valueName\":\"search_term_string\"}}],\"inLanguage\":\"ro-RO\"},{\"@type\":\"Organization\",\"@id\":\"https:\/\/daruridelumina.ro\/#organization\",\"name\":\"Daruri de lumina\",\"url\":\"https:\/\/daruridelumina.ro\/\",\"logo\":{\"@type\":\"ImageObject\",\"inLanguage\":\"ro-RO\",\"@id\":\"https:\/\/daruridelumina.ro\/#\/schema\/logo\/image\/\",\"url\":\"https:\/\/daruridelumina.ro\/wp-content\/uploads\/2025\/06\/daruri_de_lumina_315x100.jpg\",\"contentUrl\":\"https:\/\/daruridelumina.ro\/wp-content\/uploads\/2025\/06\/daruri_de_lumina_315x100.jpg\",\"width\":315,\"height\":100,\"caption\":\"Daruri de lumina\"},\"image\":{\"@id\":\"https:\/\/daruridelumina.ro\/#\/schema\/logo\/image\/\"},\"sameAs\":[\"https:\/\/www.facebook.com\/profile.php?id=61577160707023\"]}]}<\/script>\n<!-- \/ Yoast SEO plugin. -->","yoast_head_json":{"title":"\ud83c\udf3f \u201eArmonia Elementelor\u201d Br\u0103\u021bar\u0103 pentru echilibru, claritate \u0219i curaj interior - Daruri de lumina","robots":{"index":"index","follow":"follow","max-snippet":"max-snippet:-1","max-image-preview":"max-image-preview:large","max-video-preview":"max-video-preview:-1"},"canonical":"https:\/\/daruridelumina.ro\/?product=\ud83c\udf3f-armonia-elementelor-bratara-pentru-echilibru-claritate-si-curaj-interior","og_locale":"ro_RO","og_type":"article","og_title":"\ud83c\udf3f \u201eArmonia Elementelor\u201d Br\u0103\u021bar\u0103 pentru echilibru, claritate \u0219i curaj interior - Daruri de lumina","og_description":"\ud83c\udf3f \u201eArmonia Elementelor\u201d Br\u0103\u021bar\u0103 pentru echilibru, claritate \u0219i curaj interior Purt\u00e2nd culorile p\u0103m\u00e2ntului, cerului \u0219i focului, aceast\u0103 br\u0103\u021bar\u0103 este o [&hellip;]","og_url":"https:\/\/daruridelumina.ro\/?product=\ud83c\udf3f-armonia-elementelor-bratara-pentru-echilibru-claritate-si-curaj-interior","og_site_name":"Daruri de lumina","article_publisher":"https:\/\/www.facebook.com\/profile.php?id=61577160707023","og_image":[{"width":800,"height":800,"url":"https:\/\/daruridelumina.ro\/wp-content\/uploads\/2025\/07\/a111a984-fbd0-4abf-876b-a4a6ce25910d-1.webp","type":"image\/webp"}],"twitter_card":"summary_large_image","twitter_misc":{"Timp estimat pentru citire":"1 minut"},"schema":{"@context":"https:\/\/schema.org","@graph":[{"@type":"WebPage","@id":"https:\/\/daruridelumina.ro\/?product=%f0%9f%8c%bf-armonia-elementelor-bratara-pentru-echilibru-claritate-si-curaj-interior","url":"https:\/\/daruridelumina.ro\/?product=%f0%9f%8c%bf-armonia-elementelor-bratara-pentru-echilibru-claritate-si-curaj-interior","name":"\ud83c\udf3f \u201eArmonia Elementelor\u201d Br\u0103\u021bar\u0103 pentru echilibru, claritate \u0219i curaj interior - Daruri de lumina","isPartOf":{"@id":"https:\/\/daruridelumina.ro\/#website"},"primaryImageOfPage":{"@id":"https:\/\/daruridelumina.ro\/?product=%f0%9f%8c%bf-armonia-elementelor-bratara-pentru-echilibru-claritate-si-curaj-interior#primaryimage"},"image":{"@id":"https:\/\/daruridelumina.ro\/?product=%f0%9f%8c%bf-armonia-elementelor-bratara-pentru-echilibru-claritate-si-curaj-interior#primaryimage"},"thumbnailUrl":"https:\/\/daruridelumina.ro\/wp-content\/uploads\/2025\/07\/a111a984-fbd0-4abf-876b-a4a6ce25910d-1.webp","datePublished":"2025-07-01T09:41:40+00:00","breadcrumb":{"@id":"https:\/\/daruridelumina.ro\/?product=%f0%9f%8c%bf-armonia-elementelor-bratara-pentru-echilibru-claritate-si-curaj-interior#breadcrumb"},"inLanguage":"ro-RO","potentialAction":[{"@type":"ReadAction","target":["https:\/\/daruridelumina.ro\/?product=%f0%9f%8c%bf-armonia-elementelor-bratara-pentru-echilibru-claritate-si-curaj-interior"]}]},{"@type":"ImageObject","inLanguage":"ro-RO","@id":"https:\/\/daruridelumina.ro\/?product=%f0%9f%8c%bf-armonia-elementelor-bratara-pentru-echilibru-claritate-si-curaj-interior#primaryimage","url":"https:\/\/daruridelumina.ro\/wp-content\/uploads\/2025\/07\/a111a984-fbd0-4abf-876b-a4a6ce25910d-1.webp","contentUrl":"https:\/\/daruridelumina.ro\/wp-content\/uploads\/2025\/07\/a111a984-fbd0-4abf-876b-a4a6ce25910d-1.webp","width":800,"height":800},{"@type":"BreadcrumbList","@id":"https:\/\/daruridelumina.ro\/?product=%f0%9f%8c%bf-armonia-elementelor-bratara-pentru-echilibru-claritate-si-curaj-interior#breadcrumb","itemListElement":[{"@type":"ListItem","position":1,"name":"Prima pagin\u0103","item":"https:\/\/daruridelumina.ro\/"},{"@type":"ListItem","position":2,"name":"Magazin","item":"https:\/\/daruridelumina.ro\/?page_id=5"},{"@type":"ListItem","position":3,"name":"\ud83c\udf3f \u201eArmonia Elementelor\u201d Br\u0103\u021bar\u0103 pentru echilibru, claritate \u0219i curaj interior"}]},{"@type":"WebSite","@id":"https:\/\/daruridelumina.ro\/#website","url":"https:\/\/daruridelumina.ro\/","name":"Daruri de lumina","description":"","publisher":{"@id":"https:\/\/daruridelumina.ro\/#organization"},"potentialAction":[{"@type":"SearchAction","target":{"@type":"EntryPoint","urlTemplate":"https:\/\/daruridelumina.ro\/?s={search_term_string}"},"query-input":{"@type":"PropertyValueSpecification","valueRequired":true,"valueName":"search_term_string"}}],"inLanguage":"ro-RO"},{"@type":"Organization","@id":"https:\/\/daruridelumina.ro\/#organization","name":"Daruri de lumina","url":"https:\/\/daruridelumina.ro\/","logo":{"@type":"ImageObject","inLanguage":"ro-RO","@id":"https:\/\/daruridelumina.ro\/#\/schema\/logo\/image\/","url":"https:\/\/daruridelumina.ro\/wp-content\/uploads\/2025\/06\/daruri_de_lumina_315x100.jpg","contentUrl":"https:\/\/daruridelumina.ro\/wp-content\/uploads\/2025\/06\/daruri_de_lumina_315x100.jpg","width":315,"height":100,"caption":"Daruri de lumina"},"image":{"@id":"https:\/\/daruridelumina.ro\/#\/schema\/logo\/image\/"},"sameAs":["https:\/\/www.facebook.com\/profile.php?id=61577160707023"]}]}},"_links":{"self":[{"href":"https:\/\/daruridelumina.ro\/index.php?rest_route=\/wp\/v2\/product\/330","targetHints":{"allow":["GET"]}}],"collection":[{"href":"https:\/\/daruridelumina.ro\/index.php?rest_route=\/wp\/v2\/product"}],"about":[{"href":"https:\/\/daruridelumina.ro\/index.php?rest_route=\/wp\/v2\/types\/product"}],"replies":[{"embeddable":true,"href":"https:\/\/daruridelumina.ro\/index.php?rest_route=%2Fwp%2Fv2%2Fcomments&post=330"}],"wp:featuredmedia":[{"embeddable":true,"href":"https:\/\/daruridelumina.ro\/index.php?rest_route=\/wp\/v2\/media\/335"}],"wp:attachment":[{"href":"https:\/\/daruridelumina.ro\/index.php?rest_route=%2Fwp%2Fv2%2Fmedia&parent=330"}],"wp:term":[{"taxonomy":"product_brand","embeddable":true,"href":"https:\/\/daruridelumina.ro\/index.php?rest_route=%2Fwp%2Fv2%2Fproduct_brand&post=330"},{"taxonomy":"product_cat","embeddable":true,"href":"https:\/\/daruridelumina.ro\/index.php?rest_route=%2Fwp%2Fv2%2Fproduct_cat&post=330"},{"taxonomy":"product_tag","embeddable":true,"href":"https:\/\/daruridelumina.ro\/index.php?rest_route=%2Fwp%2Fv2%2Fproduct_tag&post=330"}],"curies":[{"name":"wp","href":"https:\/\/api.w.org\/{rel}","templated":true}]}}